
Is 3389 a composite number?
False
Is 7387 prime?
False
Is 2453 a composite number?
True
Is 144563 composite?
False
Is 963461 composite?
False
Is 17041 a composite number?
False
Is 1836903 a prime number?
False
Is 5051 a composite number?
False
Is 166379 prime?
False
Is 19571 prime?
True
Is 101005 prime?
False
Is 1533053 composite?
True
Is 42113 a prime number?
False
Is 4547 prime?
True
Is 8473 a composite number?
True
Is 4373 prime?
True
Is 239357 composite?
False
Is 100693 a prime number?
True
Is 133691 a composite number?
False
Is 2813 a prime number?
False
Is 32927 composite?
True
Is 29833 a prime number?
True
Is 8353 a prime number?
True
Is 6007 prime?
True
Is 296437 a composite number?
False
Is 2543 a prime number?
True
Is 81799 a composite number?
False
Is 80027 composite?
True
Is 88513 prime?
True
Is 1951403 a prime number?
True
Is 667 a composite number?
True
Is 1033801 prime?
True
Is 161015 composite?
True
Is 8501 prime?
True
Is 13834 composite?
True
Is 504535 a composite number?
True
Is 711391 a prime number?
False
Is 1491377 a composite number?
False
Is 573499 a composite number?
True
Is 26549 prime?
False
Is 205721 a composite number?
False
Is 567593 a composite number?
True
Is 169439 composite?
True
Is 256019 composite?
False
Is 665201 prime?
True
Is 63277 a prime number?
True
Is 6421 a composite number?
False
Is 347177 prime?
True
Is 1927855 a prime number?
False
Is 319511 composite?
False
Is 1495939 a prime number?
True
Is 2459 a composite number?
False
Is 11213 a composite number?
False
Is 583293 a composite number?
True
Is 4373 prime?
True
Is 7279 composite?
True
Is 17159 a prime number?
True
Is 112219 composite?
True
Is 700499 a prime number?
True
Is 120041 a prime number?
True
Is 8903 prime?
False
Is 88631 composite?
True
Is 42611 a composite number?
False
Is 5923 a prime number?
True
Is 33809 prime?
True
Is 130021 a composite number?
False
Is 318103 composite?
False
Is 46019 a composite number?
True
Is 21817 composite?
False
Is 7141 composite?
True
Is 1115161 a prime number?
False
Is 114701 prime?
False
Is 18893 prime?
False
Is 27733 a composite number?
False
Is 395 a prime number?
False
Is 2479 a prime number?
False
Is 148043 prime?
False
Is 5669 a prime number?
True
Is 53723 prime?
False
Is 5501 a composite number?
False
Is 43943 a prime number?
True
Is 463061 prime?
False
Is 84259 composite?
True
Is 306281 composite?
True
Is 247183 prime?
True
Is 67661 composite?
True
Is 2540563 prime?
True
Is 561419 a prime number?
True
Is 504121 a prime number?
True
Is 14277 a composite number?
True
Is 1084867 prime?
False
Is 95182 a prime number?
False
Is 42963 a prime number?
False
Is 689783 composite?
True
Is 154769 prime?
True
Is 15091 prime?
True
Is 718783 composite?
True
Is 11338 a composite number?
True
Is 325987 composite?
False
Is 7639 a composite number?
False
Is 733 composite?
False
Is 1083509 a prime number?
False
Is 193649 prime?
True
Is 889211 a prime number?
True
Is 28459 composite?
True
Is 2073457 a prime number?
True
Is 472123 a composite number?
False
Is 287491 prime?
True
Is 12202 a prime number?
False
Is 6607 a prime number?
True
Is 74179 composite?
True
Is 5471 prime?
True
Is 689 prime?
False
Is 197377 composite?
True
Is 1335433 a composite number?
True
Is 8842 a composite number?
True
Is 4421 a composite number?
False
Is 347929 prime?
True
Is 7967 composite?
True
Is 1137659 composite?
False
Is 34123 composite?
False
Is 593999 a composite number?
True
Is 44017 composite?
False
Is 335599 prime?
False
Is 5639 a composite number?
False
Is 284737 a composite number?
False
Is 756917 a prime number?
False
Is 3053 a composite number?
True
Is 8171 prime?
True
Is 1271 composite?
True
Is 505847 a composite number?
True
Is 23741 composite?
False
Is 196531 composite?
True
Is 11149 composite?
False
Is 27787 composite?
True
Is 82681 a prime number?
False
Is 29059 composite?
False
Is 515 a composite number?
True
Is 408593 a prime number?
False
Is 5261 a prime number?
True
Is 28555 prime?
False
Is 345031 a composite number?
True
Is 587449 a composite number?
True
Is 191413 a composite number?
False
Is 1576565 composite?
True
Is 34231 a prime number?
True
Is 292003 a composite number?
True
Is 63633 a composite number?
True
Is 185743 a prime number?
False
Is 22853 composite?
False
Is 57373 composite?
False
Is 367949 prime?
True
Is 339613 composite?
False
Is 8887 prime?
True
Is 53569 a composite number?
False
Is 117877 composite?
False
Is 108917 prime?
True
Is 413521 composite?
False
Is 401 composite?
False
Is 12847 a prime number?
False
Is 3514871 prime?
True
Is 23227 a composite number?
False
Is 64057 composite?
True
Is 155119 a composite number?
False
Is 22105 a composite number?
True
Is 3891 prime?
False
Is 8461 prime?
True
Is 238479 a prime number?
False
Is 20029 a composite number?
False
Is 68207 prime?
True
Is 737 composite?
True
Is 390801 a composite number?
True
Is 519077 a composite number?
True
Is 38705 a prime number?
False
Is 2533429 a composite number?
False
Is 18059 prime?
True
Is 13849 prime?
False
Is 1018295 a prime number?
False
Is 437789 prime?
False
Is 4127 composite?
False
Is 635 prime?
False
Is 2911043 a composite number?
False
Is 42899 a composite number?
False
Is 12227 a composite number?
False
Is 1567 a prime number?
True
Is 49727 a composite number?
False
Is 165653 prime?
True
Is 2449 composite?
True
Is 104866 prime?
False
Is 95605 a prime number?
False
Is 580231 a prime number?
True
Is 1543 composite?
False
Is 81059 a composite number?
True
Is 9527 a prime number?
False
Is 147683 prime?
False
Is 53122 a composite number?
True
Is 33869 prime?
False
Is 310141 prime?
False
Is 8765 prime?
False
Is 43657 composite?
True
Is 62659 a composite number?
False
Is 240343 a prime number?
False
Is 8141 prime?
False
Is 31139 prime?
True
Is 131413 prime?
True
Is 50821 prime?
True
Is 289015 composite?
True
Is 3301631 a composite number?
False
Is 17237 prime?
False
Is 8545 composite?
True
Is 33037 a prime number?
True
Is 168379 prime?
False
Is 259717 prime?
True
Is 461819 prime?
True
Is 159017 a composite number?
False
Is 112747 a composite number?
True
Is 890497 a composite number?
True
Is 4751 prime?
True
Is 27905 composite?
True
Is 1004651 prime?
True
Is 345169 composite?
True
Is 6487 prime?
False
Is 68767 prime?
True
Is 3209 a composite number?
False
Is 74069 composite?
True
Is 21361 prime?
False
Is 29599 prime?
True
Is 29257 prime?
False
Is 39391 a prime number?
False
Is 710687 composite?
True
Is 147263 a prime number?
True
Is 13367 composite?
False
Is 45231 composite?
True
Is 23137 a prime number?
False
Is 12343 composite?
False
Is 111379 a composite number?
True
Is 143137 composite?
False
Is 15094 composite?
True
Is 2459 a prime number?
True
Is 130171 a composite number?
False
Is 1151 composite?
False
Is 9233 composite?
True
Is 34217 composite?
False
Is 712627 composite?
True
Is 17687 prime?
False
Is 428609 prime?
False
Is 7807 a composite number?
True
Is 4271 a composite number?
False
Is 281283 composite?
True
Is 17473 a prime number?
False
Is 433453 a prime number?
True
Is 1368727 composite?
False
Is 25157 composite?
True
Is 476429 composite?
False
Is 1831 a composite number?
False
Is 289511 a composite number?
False
Is 31793 a composite number?
False
Is 64811 prime?
True
Is 1117 a composite number?
False
Is 13811 a prime number?
False
Is 149893 composite?
False
Is 1117361 a prime number?
False
Is 63889 a prime number?
False
Is 90983 prime?
False
Is 152183 a prime number?
True
Is 5686 a prime number?
False
Is 3797 a prime number?
True
Is 23663 a composite number?
False
Is 4981 a prime number?
False
Is 141 prime?
False
Is 451 composite?
True
Is 131907 a composite number?
True
Is 2669 a composite number?
True
Is 186413 a prime number?
False
Is 70823 composite?
False
Is 411935 prime?
False
Is 26305 prime?
False
Is 2611 a composite number?
True
Is 2470399 prime?
False
Is 8501 a composite number?
False
Is 330917 a prime number?
True
Is 27883 composite?
False
Is 3557 a prime number?
True
Is 4391 a composite number?
False
Is 80261 a composite number?
True
Is 94873 a prime number?
True
Is 735019 composite?
False
Is 125365 a prime number?
False
Is 173473 prime?
True
Is 111187 composite?
False
Is 323233 composite?
False